{"id":152,"date":"2022-06-16T13:56:14","date_gmt":"2022-06-16T13:56:14","guid":{"rendered":"https:\/\/livingaroha.com\/?page_id=152"},"modified":"2024-01-20T14:08:43","modified_gmt":"2024-01-20T14:08:43","slug":"hastar","status":"publish","type":"page","link":"https:\/\/livingaroha.com\/?page_id=152","title":{"rendered":"Fysioterapi f\u00f6r H\u00e4star"},"content":{"rendered":"\n<p>Ofta f\u00f6rv\u00e4ntar vi oss mycket av v\u00e5ra h\u00e4star och i m\u00e5nga fall kan fysioterapi hj\u00e4lpa till att f\u00f6rb\u00e4ttra h\u00e4stens prestationer och h\u00e5lla den frisk och lycklig. Fysioterapi f\u00f6r h\u00e4star kan hj\u00e4lpa till med m\u00e5nga problem.<\/p>\n\n\n\n<p>Du kan t\u00e4nka p\u00e5 \u00e5terh\u00e4mtningen efter en skada, men ocks\u00e5 n\u00e4r du forts\u00e4tter att m\u00f6ta samma sv\u00e5righeter i din ridning. Eller kanske k\u00e4nner du bara att din h\u00e4st inte r\u00f6r sig s\u00e5 friskt och glatt som den borde.<\/p>\n\n\n\n<p>Specifikt kan du t\u00e4nka p\u00e5 f\u00f6ljande problem:<\/p>\n\n\n<div class=\"wp-block-image\">\n<figure class=\"alignright size-large is-resized\"><img loading=\"lazy\" decoding=\"async\" src=\"https:\/\/livingaroha.com\/wp-content\/uploads\/2022\/06\/IMG-20220415-WA0000-2-768x1024.jpg\" alt=\"\" class=\"wp-image-205\" width=\"203\" height=\"271\" srcset=\"https:\/\/livingaroha.com\/wp-content\/uploads\/2022\/06\/IMG-20220415-WA0000-2-768x1024.jpg 768w, https:\/\/livingaroha.com\/wp-content\/uploads\/2022\/06\/IMG-20220415-WA0000-2-225x300.jpg 225w, https:\/\/livingaroha.com\/wp-content\/uploads\/2022\/06\/IMG-20220415-WA0000-2-1152x1536.jpg 1152w, https:\/\/livingaroha.com\/wp-content\/uploads\/2022\/06\/IMG-20220415-WA0000-2.jpg 1200w\" sizes=\"auto, (max-width: 203px) 100vw, 203px\" \/><\/figure>\n<\/div>\n\n\n<ul class=\"wp-block-list\"><li>Nacke- och ryggproblem\/sm\u00e4rta.<\/li><li>Asymmetriska r\u00f6relser<\/li><li>Minskad prestation<\/li><li>Muskelproblem<\/li><li>Stelhet<\/li><li>\u00c5ldersrelaterade problem som artrit<br><br>Vid den f\u00f6rsta konsultationen g\u00f6r jag en grundlig unders\u00f6kning av din h\u00e4st d\u00e4r jag tittar p\u00e5 r\u00f6relsem\u00f6nstret och unders\u00f6ker honom\/henne bokstavligen fr\u00e5n topp till t\u00e5. P\u00e5 grundval av dessa resultat ger jag dig mina slutsatser och r\u00e5d. Behandlingen kan best\u00e5 av massage och mobiliseringstekniker tillsammans med specifika \u00f6vningar.<\/li><\/ul>\n\n\n\n<figure class=\"wp-block-embed is-type-video is-provider-youtube wp-block-embed-youtube wp-embed-aspect-16-9 wp-has-aspect-ratio\"><div class=\"wp-block-embed__wrapper\">\n<iframe loading=\"lazy\" title=\"Massage Tchita\" width=\"750\" height=\"422\" src=\"https:\/\/www.youtube.com\/embed\/o6XZO5HYJLA?feature=oembed\" frameborder=\"0\" allow=\"accelerometer; autoplay; clipboard-write; encrypted-media; gyroscope; picture-in-picture\" allowfullscreen><\/iframe>\n<\/div><figcaption>Massaging Tchita<\/figcaption><\/figure>\n","protected":false},"excerpt":{"rendered":"<p>Ofta f\u00f6rv\u00e4ntar vi oss mycket av v\u00e5ra h\u00e4star och i m\u00e5nga fall kan fysioterapi hj\u00e4lpa till att f\u00f6rb\u00e4ttra h\u00e4stens prestationer och h\u00e5lla den frisk och lycklig. Fysioterapi f\u00f6r h\u00e4star kan hj\u00e4lpa till med m\u00e5nga problem. Du kan t\u00e4nka p\u00e5 \u00e5terh\u00e4mtningen efter en skada, men ocks\u00e5 n\u00e4r du forts\u00e4tter att m\u00f6ta samma sv\u00e5righeter i din ridning.&hellip; <a class=\"more-link\" href=\"https:\/\/livingaroha.com\/?page_id=152\">Continue reading <span class=\"screen-reader-text\">Fysioterapi f\u00f6r H\u00e4star<\/span><\/a><\/p>\n","protected":false},"author":2,"featured_media":0,"parent":0,"menu_order":0,"comment_status":"closed","ping_status":"closed","template":"","meta":{"footnotes":""},"class_list":["post-152","page","type-page","status-publish","hentry","entry"],"_links":{"self":[{"href":"https:\/\/livingaroha.com\/index.php?rest_route=\/wp\/v2\/pages\/152","targetHints":{"allow":["GET"]}}],"collection":[{"href":"https:\/\/livingaroha.com\/index.php?rest_route=\/wp\/v2\/pages"}],"about":[{"href":"https:\/\/livingaroha.com\/index.php?rest_route=\/wp\/v2\/types\/page"}],"author":[{"embeddable":true,"href":"https:\/\/livingaroha.com\/index.php?rest_route=\/wp\/v2\/users\/2"}],"replies":[{"embeddable":true,"href":"https:\/\/livingaroha.com\/index.php?rest_route=%2Fwp%2Fv2%2Fcomments&post=152"}],"version-history":[{"count":9,"href":"https:\/\/livingaroha.com\/index.php?rest_route=\/wp\/v2\/pages\/152\/revisions"}],"predecessor-version":[{"id":498,"href":"https:\/\/livingaroha.com\/index.php?rest_route=\/wp\/v2\/pages\/152\/revisions\/498"}],"wp:attachment":[{"href":"https:\/\/livingaroha.com\/index.php?rest_route=%2Fwp%2Fv2%2Fmedia&parent=152"}],"curies":[{"name":"wp","href":"https:\/\/api.w.org\/{rel}","templated":true}]}}