{"id":160,"date":"2022-06-16T14:02:16","date_gmt":"2022-06-16T14:02:16","guid":{"rendered":"https:\/\/livingaroha.com\/?page_id=160"},"modified":"2025-10-03T13:58:19","modified_gmt":"2025-10-03T13:58:19","slug":"priser","status":"publish","type":"page","link":"https:\/\/livingaroha.com\/?page_id=160","title":{"rendered":"Priser"},"content":{"rendered":"\n<ul class=\"wp-block-list\">\n<li>Allm\u00e4n Fysioterapi\/sjukgymnastik f\u00f6rsta bes\u00f6k\/unders\u00f6kning 600,-kr. <\/li>\n\n\n\n<li>Vanlig \u00e5terbes\u00f6k 600,- kr.<\/li>\n\n\n\n<li> Kort \u00e5terbes\u00f6k 450,- kr. <\/li>\n<\/ul>\n\n\n\n<ul class=\"wp-block-list\">\n<li>Unders\u00f6kning och behandling hund (f\u00f6rsta m\u00f6tet +-60 min) 1000,- kr <\/li>\n\n\n\n<li>\u00c5terbes\u00f6k hund(fr\u00e5n det andra m\u00f6tet 30-45 min) 850,- kr <\/li>\n\n\n\n<li>Vikt och h\u00e4lsokontroll 300,- Kr<\/li>\n\n\n\n<li>Kloklippning hund 150,- kr<\/li>\n\n\n\n<li>Abonnemang 2000,- kr per \u00e5r.  Speciellt f\u00f6r aktiva hundar. 2 g\u00e5nger per \u00e5r fullst\u00e4ndig unders\u00f6kning och bed\u00f6mning av om hunden \u00e4r sportfrisk. Vid behov 5 behandlingar per \u00e5r. Fr\u00e5n 6:e behandlingen 450,- kr<\/li>\n<\/ul>\n\n\n\n<p><\/p>\n\n\n\n<ul class=\"wp-block-list\">\n<li>Unders\u00f6kning och behandling h\u00e4st (f\u00f6rsta m\u00f6tet +-75 min) 1100,- kr<\/li>\n\n\n\n<li>\u00c5terbes\u00f6k h\u00e4st (fr\u00e5n det andra m\u00f6tet) 950,- kr <\/li>\n\n\n\n<li>Lektioner 600,- kr\/45 min<\/li>\n\n\n\n<li>Abonnemang 2200,- kr per \u00e5r.  2 g\u00e5nger per \u00e5r fullst\u00e4ndig unders\u00f6kning och bed\u00f6mning av om h\u00e4sten \u00e4r frisk f\u00f6r sport\/ridning. Vid behov 5 behandlingar per \u00e5r. Fr\u00e5n 6:e behandlingen 500,- kr. (Abonnemang \u00e4r exl resekostnader) <\/li>\n<\/ul>\n\n\n\n<p>Ovanst\u00e5ende priser g\u00e4ller i Edeb\u00e4ck. Vid bes\u00f6k hos kund tillkommer en resekostand p\u00e5 50 kr per mil r\u00e4knad fr\u00e5n Edeb\u00e4ck.<\/p>\n\n\n\n<figure class=\"wp-block-image size-large\"><img loading=\"lazy\" decoding=\"async\" width=\"768\" height=\"1024\" src=\"https:\/\/livingaroha.com\/wp-content\/uploads\/2022\/06\/IMG-20211021-WA0001-1-768x1024.jpg\" alt=\"\" class=\"wp-image-244\" srcset=\"https:\/\/livingaroha.com\/wp-content\/uploads\/2022\/06\/IMG-20211021-WA0001-1-768x1024.jpg 768w, https:\/\/livingaroha.com\/wp-content\/uploads\/2022\/06\/IMG-20211021-WA0001-1-225x300.jpg 225w, https:\/\/livingaroha.com\/wp-content\/uploads\/2022\/06\/IMG-20211021-WA0001-1-1152x1536.jpg 1152w, https:\/\/livingaroha.com\/wp-content\/uploads\/2022\/06\/IMG-20211021-WA0001-1.jpg 1200w\" sizes=\"auto, (max-width: 768px) 100vw, 768px\" \/><\/figure>\n","protected":false},"excerpt":{"rendered":"<p>Ovanst\u00e5ende priser g\u00e4ller i Edeb\u00e4ck. Vid bes\u00f6k hos kund tillkommer en resekostand p\u00e5 50 kr per mil r\u00e4knad fr\u00e5n Edeb\u00e4ck.<\/p>\n","protected":false},"author":2,"featured_media":0,"parent":0,"menu_order":0,"comment_status":"closed","ping_status":"closed","template":"","meta":{"footnotes":""},"class_list":["post-160","page","type-page","status-publish","hentry","entry"],"_links":{"self":[{"href":"https:\/\/livingaroha.com\/index.php?rest_route=\/wp\/v2\/pages\/160","targetHints":{"allow":["GET"]}}],"collection":[{"href":"https:\/\/livingaroha.com\/index.php?rest_route=\/wp\/v2\/pages"}],"about":[{"href":"https:\/\/livingaroha.com\/index.php?rest_route=\/wp\/v2\/types\/page"}],"author":[{"embeddable":true,"href":"https:\/\/livingaroha.com\/index.php?rest_route=\/wp\/v2\/users\/2"}],"replies":[{"embeddable":true,"href":"https:\/\/livingaroha.com\/index.php?rest_route=%2Fwp%2Fv2%2Fcomments&post=160"}],"version-history":[{"count":18,"href":"https:\/\/livingaroha.com\/index.php?rest_route=\/wp\/v2\/pages\/160\/revisions"}],"predecessor-version":[{"id":665,"href":"https:\/\/livingaroha.com\/index.php?rest_route=\/wp\/v2\/pages\/160\/revisions\/665"}],"wp:attachment":[{"href":"https:\/\/livingaroha.com\/index.php?rest_route=%2Fwp%2Fv2%2Fmedia&parent=160"}],"curies":[{"name":"wp","href":"https:\/\/api.w.org\/{rel}","templated":true}]}}