{"id":293,"date":"2022-07-21T12:32:17","date_gmt":"2022-07-21T12:32:17","guid":{"rendered":"https:\/\/livingaroha.com\/?page_id=293"},"modified":"2023-04-26T08:16:40","modified_gmt":"2023-04-26T08:16:40","slug":"om-mig","status":"publish","type":"page","link":"https:\/\/livingaroha.com\/?page_id=293","title":{"rendered":"Om mig"},"content":{"rendered":"\n<p>Jag heter Jorine van der Poel, en nederlandsk fysioterapeut (och nu ocks\u00e5 legitimerad h\u00e4r i Sverige) f\u00f6r m\u00e4nniskor, hundar och h\u00e4star. Och sedan juli 2022 bor jag i Edeb\u00e4ck. Jag flyttade hit med min hund Joy och tillsammans njuter vi av den vackra naturen. Tillsammans gillar vi att canicrossa i skogen. Speciellt Joy tycker att en dag utan att springa \u00e4r en dag utan liv. \ud83d\ude09 <\/p>\n\n\n\n<p>Jag har alltid varit en stor \u00e4lskare av natur och friluftsliv och det \u00e4r en av de fr\u00e4msta anledningarna till att Edeb\u00e4ck och Sverige i allm\u00e4nhet blev s\u00e5 attraktivt. Jag v\u00e4xte upp p\u00e5 landsbygden i norra Nederl\u00e4nderna. Hemma hade vi m\u00e5nga djur och i alla mina f\u00f6rsta jobb spelade djurv\u00e5rd en stor roll. N\u00e4r jag var 13 \u00e5r gammal fick jag min f\u00f6rsta h\u00e4st, ett friesersto som hette Roos. Att ha en egen h\u00e4st fick mig att inse att jag ville g\u00f6ra saker annorlunda \u00e4n vad som var vanligt i ridskolorna. Jag ville komma n\u00e4rmare min h\u00e4st och g\u00f6ra saker utifr\u00e5n en kontakt med den och inte med kraft. Detta satte mig p\u00e5 en resa som gav mig m\u00e5nga tankar om mig sj\u00e4lv, min h\u00e4st och livet i allm\u00e4nhet. Roos var ett mycket speciellt klokt sto och en fantastisk ledare f\u00f6r v\u00e5r lilla flock p\u00e5 fyra h\u00e4star. Hon l\u00e4rde mig de f\u00f6rsta sakerna om vad ledarskap handlar om och med Aroha fortsatte jag denna inl\u00e4rningsprocess. Jag fick Aroha n\u00e4r hon var 1 1\/2 \u00e5r och jag ville l\u00e4ra och tr\u00e4na henne sj\u00e4lv, mest av allt ville jag att hon skulle vara fri och lycklig i det vi gjorde tillsammans. Vi tillbringade n\u00e5gra riktigt speciella \u00e5r tillsammans med mycket speciella stunder men ocks\u00e5 mycket viktiga l\u00e4rdomar. Jag namngav henne innan jag k\u00e4nde till den fullst\u00e4ndiga \u00f6vers\u00e4ttningen av hennes namn och det slutade med att det blev perfekt passande.<\/p>\n\n\n\n<p>Ordet Aroha intar en framtr\u00e4dande position inom maorispr\u00e5ket i Aotearoa Nya Zeeland. Maorispr\u00e5ket inneh\u00e5ller minnet av en tid d\u00e5 Arohas kraft f\u00f6rstods och respekterades av alla. Aroha \u00e4r den kreativa kraften bakom alla dr\u00f6mmar. Aroha definierar stort ledarskap, garanterar personlig framg\u00e5ng och inspirerar oss att g\u00f6ra det lilla extra. Aroha betyder k\u00e4rlek. Men n\u00e4r vi utforskar dess r\u00f6tter ger Aroha ett djupt budskap om k\u00e4rlek som inte \u00e4r allm\u00e4nt k\u00e4nt.<\/p>\n\n\n\n<p>ARO \u00e4r tanke, livsprincip, att vara uppm\u00e4rksam, att fokusera, att koncentrera sig.                                                                                              RO \u00e4r inre, inombords, introspektion.                                                         HA \u00e4r livskraft, andning, energi.                                                                  OHA \u00e4r generositet, v\u00e4lst\u00e5nd, \u00f6verfl\u00f6d, rikedom.<\/p>\n\n\n\n<p>&#8220;Aroha&#8221; kan beskrivas som den bindande kraften i allt som \u00e4r.<\/p>\n\n\n\n<p>V\u00e4rdet Aroha beskrev vad hon betydde f\u00f6r mig, men det \u00e4r ocks\u00e5 vad jag vill l\u00e4gga in i mitt arbete. Min v\u00e4n Aroha finns inte l\u00e4ngre fysiskt med mig, men de l\u00e4rdomar hon gav mig och kraften bakom hennes namn finns fortfarande kvar. Precis som med alla vi m\u00f6ter och f\u00f6rlorar igen kommer de saker vi upplevde och l\u00e4rde oss av dem alltid att vara en del av oss. <\/p>\n\n\n\n<p>Med de erfarenheter jag hade av mina egna h\u00e4star b\u00f6rjade jag ge rid- och marklektioner. Detta fick mig att bli \u00e4nnu mer intresserad av hur h\u00e4st och ryttare r\u00f6r sig tillsammans och ledde till att jag b\u00f6rjade studera fysioterapi. Efter min examen som fysioterapeut b\u00f6rjade jag arbeta inom prim\u00e4rv\u00e5rden och fortsatte samtidigt med studierna f\u00f6r djurfysioterapi. Darefter fortsatte jag att arbeta som sjukgymnast och startade Living Aroha f\u00f6r att arbeta som djurfysioterapeut.<\/p>\n\n\n\n<p>Nu n\u00e4r jag bor h\u00e4r kommer jag att forts\u00e4tta mitt arbete som djurfysioterapeut h\u00e4r f\u00f6r att f\u00f6rb\u00e4ttra livskvaliteten och h\u00e5lla djur och deras \u00e4gare glada och friska. Alltid med Arohas kraft bakom mina handlingar. <\/p>\n\n\n\n<figure class=\"wp-block-image size-large\"><img loading=\"lazy\" decoding=\"async\" width=\"1024\" height=\"665\" src=\"https:\/\/livingaroha.com\/wp-content\/uploads\/2022\/06\/aroha-bewerkt-1024x665.png\" alt=\"\" class=\"wp-image-104\" srcset=\"https:\/\/livingaroha.com\/wp-content\/uploads\/2022\/06\/aroha-bewerkt-1024x665.png 1024w, https:\/\/livingaroha.com\/wp-content\/uploads\/2022\/06\/aroha-bewerkt-300x195.png 300w, https:\/\/livingaroha.com\/wp-content\/uploads\/2022\/06\/aroha-bewerkt-768x499.png 768w, https:\/\/livingaroha.com\/wp-content\/uploads\/2022\/06\/aroha-bewerkt.png 1110w\" sizes=\"auto, (max-width: 1024px) 100vw, 1024px\" \/><\/figure>\n","protected":false},"excerpt":{"rendered":"<p>Jag heter Jorine van der Poel, en nederlandsk fysioterapeut (och nu ocks\u00e5 legitimerad h\u00e4r i Sverige) f\u00f6r m\u00e4nniskor, hundar och h\u00e4star. Och sedan juli 2022 bor jag i Edeb\u00e4ck. Jag flyttade hit med min hund Joy och tillsammans njuter vi av den vackra naturen. Tillsammans gillar vi att canicrossa i skogen. Speciellt Joy tycker att&hellip; <a class=\"more-link\" href=\"https:\/\/livingaroha.com\/?page_id=293\">Continue reading <span class=\"screen-reader-text\">Om mig<\/span><\/a><\/p>\n","protected":false},"author":2,"featured_media":0,"parent":0,"menu_order":0,"comment_status":"closed","ping_status":"closed","template":"","meta":{"footnotes":""},"class_list":["post-293","page","type-page","status-publish","hentry","entry"],"_links":{"self":[{"href":"https:\/\/livingaroha.com\/index.php?rest_route=\/wp\/v2\/pages\/293","targetHints":{"allow":["GET"]}}],"collection":[{"href":"https:\/\/livingaroha.com\/index.php?rest_route=\/wp\/v2\/pages"}],"about":[{"href":"https:\/\/livingaroha.com\/index.php?rest_route=\/wp\/v2\/types\/page"}],"author":[{"embeddable":true,"href":"https:\/\/livingaroha.com\/index.php?rest_route=\/wp\/v2\/users\/2"}],"replies":[{"embeddable":true,"href":"https:\/\/livingaroha.com\/index.php?rest_route=%2Fwp%2Fv2%2Fcomments&post=293"}],"version-history":[{"count":4,"href":"https:\/\/livingaroha.com\/index.php?rest_route=\/wp\/v2\/pages\/293\/revisions"}],"predecessor-version":[{"id":377,"href":"https:\/\/livingaroha.com\/index.php?rest_route=\/wp\/v2\/pages\/293\/revisions\/377"}],"wp:attachment":[{"href":"https:\/\/livingaroha.com\/index.php?rest_route=%2Fwp%2Fv2%2Fmedia&parent=293"}],"curies":[{"name":"wp","href":"https:\/\/api.w.org\/{rel}","templated":true}]}}