{"id":387,"date":"2023-08-06T12:38:42","date_gmt":"2023-08-06T12:38:42","guid":{"rendered":"https:\/\/livingaroha.com\/?page_id=387"},"modified":"2026-05-10T09:26:11","modified_gmt":"2026-05-10T09:26:11","slug":"fysioterapi-for-dig","status":"publish","type":"page","link":"https:\/\/livingaroha.com\/?page_id=387","title":{"rendered":"Allm\u00e4n Fysioterapi"},"content":{"rendered":"\n<p>Oavsett om du \u00e4r en ivrig idrottare eller mer av en lugn flan\u00f6r, b\u00f6r du \u00e5tminstone vara i form f\u00f6r att g\u00f6ra de saker du \u00e4lskar mest.<\/p>\n\n\n\n<p>Att kunna r\u00f6ra sig som man vill \u00e4r s\u00e5 n\u00e4ra kopplat till v\u00e5r h\u00e4lsa och livskvalitet. Att h\u00e5lla sig aktiv \u00e4r det b\u00e4sta s\u00e4ttet att s\u00e4kra sin h\u00e4lsa f\u00f6r framtiden. Och naturligtvis vill v\u00e5ra fyrbenta v\u00e4nner att vi ska vara aktiva tillsammans med dem.<\/p>\n\n\n\n<p>P\u00e5 s\u00e5 s\u00e4tt hj\u00e4lper fysioterapi dig inte bara att f\u00f6rb\u00e4ttra din h\u00e4lsa nu, utan ocks\u00e5 att f\u00f6rebygga h\u00e4lsoproblem i framtiden.<\/p>\n\n\n\n<p>Behandlingarna fokuserar p\u00e5 vad som \u00e4r viktigt f\u00f6r dig personligen och vad du skulle vilja kunna g\u00f6ra igen, med hj\u00e4lp av b\u00e5de manuella tekniker som mobiliseringstekniker, massage, stretching och hem\u00f6vningar, s\u00e5 att du sj\u00e4lv kan ta ansvar f\u00f6r din egen h\u00e4lsa. <\/p>\n\n\n\n<p>F\u00f6rutom det praktiska behandlingen tycker jag ocks\u00e5 att det \u00e4r viktigt att se och behandla besv\u00e4ren i ett bredare perspektiv. Fysiska besv\u00e4r orsakas inte bara av \u00f6veranstr\u00e4ngning eller skador. Stress och kost spelar ofta en st\u00f6rre eller mindre roll. F\u00f6r att verkligen bli av med, eller minska besv\u00e4ren under en l\u00e4ngre tid \u00e4r det viktigt att ocks\u00e5 ta itu med de djupare orsakerna. Medvetenhet om dessa orsaker \u00e4r redan ett viktigt f\u00f6rsta steg mot en friskare framtid. Valkommen att ta kontakt f\u00f6r mer information!<\/p>\n\n\n\n<div class=\"wp-block-file\"><a href=\"https:\/\/livingaroha.com\/wp-content\/uploads\/2023\/08\/20230806_150701-768x1024.jpg\" class=\"wp-block-file__button wp-element-button\" download>Download<\/a><\/div>\n\n\n\n<figure class=\"wp-block-image size-full\"><img loading=\"lazy\" decoding=\"async\" width=\"1024\" height=\"768\" src=\"https:\/\/livingaroha.com\/wp-content\/uploads\/2026\/05\/IMG-20230409-WA0010.jpg-strand-cc-Joy.jpg\" alt=\"S\u00e5 du kan g\u00f6ra det du gillar mest!\" class=\"wp-image-748\" srcset=\"https:\/\/livingaroha.com\/wp-content\/uploads\/2026\/05\/IMG-20230409-WA0010.jpg-strand-cc-Joy.jpg 1024w, https:\/\/livingaroha.com\/wp-content\/uploads\/2026\/05\/IMG-20230409-WA0010.jpg-strand-cc-Joy-300x225.jpg 300w, https:\/\/livingaroha.com\/wp-content\/uploads\/2026\/05\/IMG-20230409-WA0010.jpg-strand-cc-Joy-768x576.jpg 768w\" sizes=\"auto, (max-width: 1024px) 100vw, 1024px\" \/><figcaption class=\"wp-element-caption\">S\u00e5 att du kan g\u00f6ra det du gillar b\u00e4st!<\/figcaption><\/figure>\n\n\n\n<p><\/p>\n","protected":false},"excerpt":{"rendered":"<p>Oavsett om du \u00e4r en ivrig idrottare eller mer av en lugn flan\u00f6r, b\u00f6r du \u00e5tminstone vara i form f\u00f6r att g\u00f6ra de saker du \u00e4lskar mest. Att kunna r\u00f6ra sig som man vill \u00e4r s\u00e5 n\u00e4ra kopplat till v\u00e5r h\u00e4lsa och livskvalitet. Att h\u00e5lla sig aktiv \u00e4r det b\u00e4sta s\u00e4ttet att s\u00e4kra sin h\u00e4lsa [&hellip;]<\/p>\n","protected":false},"author":2,"featured_media":607,"parent":0,"menu_order":0,"comment_status":"closed","ping_status":"closed","template":"","meta":{"footnotes":""},"class_list":["post-387","page","type-page","status-publish","has-post-thumbnail","hentry"],"_links":{"self":[{"href":"https:\/\/livingaroha.com\/index.php?rest_route=\/wp\/v2\/pages\/387","targetHints":{"allow":["GET"]}}],"collection":[{"href":"https:\/\/livingaroha.com\/index.php?rest_route=\/wp\/v2\/pages"}],"about":[{"href":"https:\/\/livingaroha.com\/index.php?rest_route=\/wp\/v2\/types\/page"}],"author":[{"embeddable":true,"href":"https:\/\/livingaroha.com\/index.php?rest_route=\/wp\/v2\/users\/2"}],"replies":[{"embeddable":true,"href":"https:\/\/livingaroha.com\/index.php?rest_route=%2Fwp%2Fv2%2Fcomments&post=387"}],"version-history":[{"count":8,"href":"https:\/\/livingaroha.com\/index.php?rest_route=\/wp\/v2\/pages\/387\/revisions"}],"predecessor-version":[{"id":765,"href":"https:\/\/livingaroha.com\/index.php?rest_route=\/wp\/v2\/pages\/387\/revisions\/765"}],"wp:featuredmedia":[{"embeddable":true,"href":"https:\/\/livingaroha.com\/index.php?rest_route=\/wp\/v2\/media\/607"}],"wp:attachment":[{"href":"https:\/\/livingaroha.com\/index.php?rest_route=%2Fwp%2Fv2%2Fmedia&parent=387"}],"curies":[{"name":"wp","href":"https:\/\/api.w.org\/{rel}","templated":true}]}}