{"id":493,"date":"2024-01-20T12:53:12","date_gmt":"2024-01-20T12:53:12","guid":{"rendered":"https:\/\/livingaroha.com\/?page_id=493"},"modified":"2026-04-27T12:34:22","modified_gmt":"2026-04-27T12:34:22","slug":"fysioterapi-for-ryttare","status":"publish","type":"page","link":"https:\/\/livingaroha.com\/?page_id=493","title":{"rendered":"Ryttare"},"content":{"rendered":"\n<p>Att r\u00f6ra sig tillsammans som en enhet, \u00e4r inte det varje ryttares h\u00f6gsta dr\u00f6m? Smidiga r\u00f6relser, harmoni, en h\u00e4st som svarar p\u00e5 de minsta signalerna.<\/p>\n\n\n\n<p>Detta kr\u00e4ver mycket kraft och smidighet fr\u00e5n din h\u00e4st, men du beh\u00f6ver sj\u00e4lv samma smidighet och precision f\u00f6r att r\u00f6ra dig med din h\u00e4st och samtidigt ge den exakta signaler.<\/p>\n\n\n\n<p>Inte s\u00e4llan \u00e5terspeglas blockeringar hos ryttaren i h\u00e4sten och vice versa.<\/p>\n\n\n\n<p>Fysioterapi kan ta bort dessa blockeringar s\u00e5 att du sedan kan forts\u00e4tta att arbeta med din r\u00f6rlighet, styrka, balans och framf\u00f6r allt kroppsmedvetenhet med specifika \u00f6vningar. F\u00f6r om vi inte \u00e4r medvetna om hur vi r\u00f6r oss finns det heller inget utrymme f\u00f6r f\u00f6rb\u00e4ttringar.<\/p>\n\n\n\n<p>F\u00f6rutom behandlingarna p\u00e5 kliniken \u00e4r det ocks\u00e5 m\u00f6jligt att boka en tid med din h\u00e4st. P\u00e5 s\u00e5 s\u00e4tt kan du ocks\u00e5 tr\u00e4na dig sj\u00e4lv ytterligare p\u00e5 ett mycket specifikt s\u00e4tt n\u00e4r du rider.<\/p>\n","protected":false},"excerpt":{"rendered":"<p>Att r\u00f6ra sig tillsammans som en enhet, \u00e4r inte det varje ryttares h\u00f6gsta dr\u00f6m? Smidiga r\u00f6relser, harmoni, en h\u00e4st som svarar p\u00e5 de minsta signalerna. Detta kr\u00e4ver mycket kraft och smidighet fr\u00e5n din h\u00e4st, men du beh\u00f6ver sj\u00e4lv samma smidighet och precision f\u00f6r att r\u00f6ra dig med din h\u00e4st och samtidigt ge den exakta signaler. [&hellip;]<\/p>\n","protected":false},"author":2,"featured_media":0,"parent":0,"menu_order":0,"comment_status":"closed","ping_status":"closed","template":"","meta":{"footnotes":""},"class_list":["post-493","page","type-page","status-publish","hentry"],"_links":{"self":[{"href":"https:\/\/livingaroha.com\/index.php?rest_route=\/wp\/v2\/pages\/493","targetHints":{"allow":["GET"]}}],"collection":[{"href":"https:\/\/livingaroha.com\/index.php?rest_route=\/wp\/v2\/pages"}],"about":[{"href":"https:\/\/livingaroha.com\/index.php?rest_route=\/wp\/v2\/types\/page"}],"author":[{"embeddable":true,"href":"https:\/\/livingaroha.com\/index.php?rest_route=\/wp\/v2\/users\/2"}],"replies":[{"embeddable":true,"href":"https:\/\/livingaroha.com\/index.php?rest_route=%2Fwp%2Fv2%2Fcomments&post=493"}],"version-history":[{"count":3,"href":"https:\/\/livingaroha.com\/index.php?rest_route=\/wp\/v2\/pages\/493\/revisions"}],"predecessor-version":[{"id":708,"href":"https:\/\/livingaroha.com\/index.php?rest_route=\/wp\/v2\/pages\/493\/revisions\/708"}],"wp:attachment":[{"href":"https:\/\/livingaroha.com\/index.php?rest_route=%2Fwp%2Fv2%2Fmedia&parent=493"}],"curies":[{"name":"wp","href":"https:\/\/api.w.org\/{rel}","templated":true}]}}